{"id":1227,"date":"2020-07-02T20:57:22","date_gmt":"2020-07-02T18:57:22","guid":{"rendered":"https:\/\/rotkaeppchen-schule.de\/?page_id=1227"},"modified":"2026-04-26T16:05:25","modified_gmt":"2026-04-26T14:05:25","slug":"aktuelles","status":"publish","type":"page","link":"https:\/\/rotkaeppchen-schule.de\/?page_id=1227","title":{"rendered":"Aktuelles"},"content":{"rendered":"\n<p><strong><span style=\"text-decoration: underline;\"><span style=\"color: #ff0000; text-decoration: underline;\">26. April 2026 <\/span><\/span><span style=\"color: #ff0000;\"><span style=\"color: #000000;\">&#8211; <span style=\"text-decoration: underline;\"><a style=\"color: #000000; text-decoration: underline;\" href=\"https:\/\/rotkaeppchen-schule.de\/wp-content\/uploads\/2026\/04\/Ferientermine-2026-27.pdf\" target=\"_blank\" rel=\"noopener\">Ferienordnung f\u00fcr das Schuljahr 2026\/27<\/a><\/span><\/span><\/span><\/strong><\/p>\n<p><strong><span style=\"text-decoration: underline;\"><span style=\"color: #ff0000; text-decoration: underline;\">15. April 2026<\/span><\/span> &#8211; <span style=\"color: #000000;\"><a style=\"color: #000000;\" href=\"https:\/\/rotkaeppchen-schule.de\/?page_id=821\"><span style=\"text-decoration: underline;\">Anmeldeunterlagen f\u00fcr das Ganztagsangebot im Schuljahr 2026\/ 2027<\/span><\/a><\/span><\/strong><\/p>\n<p><span style=\"text-decoration: underline;\"><strong><span style=\"color: #ff0000; text-decoration: underline;\">29. Oktober 2025<\/span><\/strong><strong><span style=\"color: #ff0000;\"><span style=\"color: #000000; text-decoration: underline;\"> &#8211; Umgang mit Smartwatches und Handys<\/span><\/span><\/strong><\/span><\/p>\n<p>Das Mitf\u00fchren eines Handys bei Kindern unserer Grundschule\u00a0ist lediglich f\u00fcr\u00a0<u>medizinische Zwecke<\/u>\u00a0erlaubt, nicht zum Spielen oder Telefonieren; das Handy ist in diesem Fall im\u00a0Ranzen zu verwahren.<\/p>\n<p>Mitgef\u00fchrte Smartwatches sind ausschlie\u00dflich im Schulmodus erlaubt.\u00a0<\/p>\n<p>Aufnahmen aller Art (Fotoaufnahmen, Aufnahmen von Gespr\u00e4chen&#8230;) sind\u00a0mit jedweden Ger\u00e4ten\u00a0verboten.<\/p>\n<p>Bei Verst\u00f6\u00dfen gegen diese Regelungen werden die entsprechenden Ger\u00e4te (Handy, Smartwatch) konfisziert und erst nach R\u00fccksprache mit den Eltern wieder zur\u00fcckgegeben; das Mitf\u00fchren der Ger\u00e4te ist dann f\u00fcr die Zeitspanne bis zu den n\u00e4chsten Ferien\u00a0untersagt.\u00a0\u00a0<\/p>\n<p><span style=\"text-decoration: underline;\"><strong><span style=\"color: #ff0000; text-decoration: underline;\">26. Juni 2025<\/span><\/strong><\/span> <strong>&#8211; <span style=\"text-decoration: underline; color: #000000;\"><a style=\"color: #000000; text-decoration: underline;\" href=\"https:\/\/rotkaeppchen-schule.de\/wp-content\/uploads\/2025\/06\/Ferientermine-2025-26.pdf\">Ferienverordnung f\u00fcr das Schuljahr 2025\/26<\/a><\/span><\/strong><\/p>\n<p><span style=\"text-decoration: underline;\"><strong><span style=\"color: #ff0000; text-decoration: underline;\">26. Juni 2025<\/span><\/strong><\/span><strong><span style=\"color: #ff0000;\"> <span style=\"color: #000000;\">&#8211;<\/span><\/span> <span style=\"text-decoration: underline; color: #000000;\"><a style=\"color: #000000; text-decoration: underline;\" href=\"https:\/\/rotkaeppchen-schule.de\/wp-content\/uploads\/2025\/06\/Vorstellung-UBUS-2025_26.pdf\">Informationen unserer sozialp\u00e4dagogischen Fachkraft UBUS f\u00fcr das Schuljahr 2025_26<\/a><\/span><\/strong><\/p>\n<p><span style=\"text-decoration: underline;\"><strong><span style=\"color: #ff0000; text-decoration: underline;\">28. Februar 2025<\/span><\/strong><\/span><strong> &#8211; <\/strong><strong>neue E-Mail Adresse &#8211; <\/strong><strong>Die Schule ist ab sofort unter einer neuen E-Mail Adresse erreichbar: <\/strong><span style=\"color: #000080;\"><strong><a style=\"color: #000080;\" href=\"mailto:Poststelle7621@schule.hessen.de\">Poststelle7621@schule.hessen.de<\/a><\/strong><\/span><\/p>\n<p><span style=\"text-decoration: underline;\"><strong><span style=\"color: #ff0000; text-decoration: underline;\">28. Januar 2025<\/span><\/strong><\/span><span style=\"color: #000000;\"><strong> &#8211; <\/strong><\/span><strong><span style=\"color: #ff0000;\"><span style=\"color: #000000;\"><a style=\"color: #000000; text-decoration: underline;\" href=\"https:\/\/rotkaeppchen-schule.de\/wp-content\/uploads\/2025\/01\/Hausregeln-kranke-Kinder.pdf\" target=\"_blank\" rel=\"noopener\">Hausregeln kranke Kinder<\/a><\/span><\/span><\/strong><\/p>\n<p><span style=\"text-decoration: underline;\"><strong><span style=\"color: #ff0000; text-decoration: underline;\">14. Januar 2025<\/span><\/strong><\/span> <span style=\"color: #000000;\">&#8211;<strong> <a style=\"color: #000000; text-decoration: underline;\" href=\"https:\/\/rotkaeppchen-schule.de\/wp-content\/uploads\/2025\/01\/Ansprechnpartner-Kontakte_NVV_SEK-12-2024-2.pdf\" target=\"_blank\" rel=\"noopener\">Ansprechpartner Kontakte_NVV_<\/a><\/strong><\/span><\/p>\n\n\n\n<p><\/p>\n","protected":false},"excerpt":{"rendered":"<p>26. April 2026 &#8211; Ferienordnung f\u00fcr das Schuljahr 2026\/27 15. April 2026 &#8211; Anmeldeunterlagen f\u00fcr das Ganztagsangebot im Schuljahr 2026\/ 2027 29. [&hellip;]<\/p>\n","protected":false},"author":3,"featured_media":0,"parent":0,"menu_order":0,"comment_status":"closed","ping_status":"closed","template":"","meta":{"footnotes":""},"class_list":["post-1227","page","type-page","status-publish","hentry"],"_links":{"self":[{"href":"https:\/\/rotkaeppchen-schule.de\/index.php?rest_route=\/wp\/v2\/pages\/1227","targetHints":{"allow":["GET"]}}],"collection":[{"href":"https:\/\/rotkaeppchen-schule.de\/index.php?rest_route=\/wp\/v2\/pages"}],"about":[{"href":"https:\/\/rotkaeppchen-schule.de\/index.php?rest_route=\/wp\/v2\/types\/page"}],"author":[{"embeddable":true,"href":"https:\/\/rotkaeppchen-schule.de\/index.php?rest_route=\/wp\/v2\/users\/3"}],"replies":[{"embeddable":true,"href":"https:\/\/rotkaeppchen-schule.de\/index.php?rest_route=%2Fwp%2Fv2%2Fcomments&post=1227"}],"version-history":[{"count":202,"href":"https:\/\/rotkaeppchen-schule.de\/index.php?rest_route=\/wp\/v2\/pages\/1227\/revisions"}],"predecessor-version":[{"id":2931,"href":"https:\/\/rotkaeppchen-schule.de\/index.php?rest_route=\/wp\/v2\/pages\/1227\/revisions\/2931"}],"wp:attachment":[{"href":"https:\/\/rotkaeppchen-schule.de\/index.php?rest_route=%2Fwp%2Fv2%2Fmedia&parent=1227"}],"curies":[{"name":"wp","href":"https:\/\/api.w.org\/{rel}","templated":true}]}}