{"id":821,"date":"2020-06-28T17:58:19","date_gmt":"2020-06-28T15:58:19","guid":{"rendered":"https:\/\/rotkaeppchen-schule.de\/?page_id=821"},"modified":"2026-04-16T11:06:55","modified_gmt":"2026-04-16T09:06:55","slug":"ganztagsangebot","status":"publish","type":"page","link":"https:\/\/rotkaeppchen-schule.de\/?page_id=821","title":{"rendered":"Ganztagsangebot"},"content":{"rendered":"\n\n\n<div class=\"wp-block-columns is-layout-flex wp-container-core-columns-is-layout-28f84493 wp-block-columns-is-layout-flex\">\n<div class=\"wp-block-column is-layout-flow wp-block-column-is-layout-flow\" style=\"flex-basis:100%\">\n<p>Mit dem Beginn des Schuljahres 2026\/27 wird unsere Schule dem Pakt f\u00fcr den Ganztag beitreten.<\/p>\n<p>Sie k\u00f6nnen Ihr Kind wie bisher entweder f\u00fcr drei oder f\u00fcr f\u00fcnf Tage in der Woche in verschiedenen Modulen anmelden. Die daf\u00fcr anfallenden Kosten entnehmen Sie bitte den Anmeldungsunterlagen.<\/p>\n<p>Alle Neuanmeldungen und \u00c4nderungen m\u00fcssen <strong>bis sp\u00e4testens 15. Juni 2026<\/strong> in der Schule vorliegen.<\/p>\n<p><span style=\"text-decoration: underline; color: #0000ff;\"><strong>\u00c4nderungen bereits angemeldeter Kinder f\u00fcr den Ganztag<\/strong><\/span><\/p>\n<p>Wenn Ihr Kind bereits am Ganztagsangebot angemeldet ist und Sie im neuen Schuljahr lediglich das Modul wechseln m\u00f6chten, ben\u00f6tigen Sie diesen Antrag:<\/p>\n<p><span style=\"text-decoration: underline;\"><strong><span style=\"color: #000000;\"><a style=\"color: #000000; text-decoration: underline;\" href=\"https:\/\/rotkaeppchen-schule.de\/wp-content\/uploads\/2026\/04\/Aenderungsmeldung-zur-Inanspruchnahme-des-Ganztagsangebotes-im-Schuljahr-2026_27.pdf\" target=\"_blank\" rel=\"noopener\">\u00c4nderungsmeldung zur Inanspruchnahme des Ganztagsangebotes im Schuljahr 2026_27<\/a><\/span><\/strong><\/span><\/p>\n<p>\u00a0<\/p>\n<p><span style=\"text-decoration: underline; color: #0000ff;\"><strong>Neuanmeldung Ganztag<\/strong><\/span><\/p>\n<p>Bitte f\u00fcllen Sie die Unterlagen digital aus und senden sie <a href=\"mailto:poststelle7621@schule.hessen.de\"><span style=\"text-decoration: underline;\"><span style=\"color: #000000;\"><strong><span style=\"color: #000000; text-decoration: underline;\">per E-Mail<\/span> <\/strong><\/span><\/span><\/a>an die Schule.\u00a0Wir leiten Ihre Anmeldung an die Kreisverwaltung des Schwalm-Eder-Kreises weiter. Die Anmeldung Ihres Kindes ist f\u00fcr ein Schuljahr verbindlich.\u00a0<\/p>\n<p><span style=\"color: #000000;\"><strong><span style=\"text-decoration: underline;\"><span style=\"text-decoration: underline;\"><a style=\"color: #000000; text-decoration: underline;\" href=\"https:\/\/rotkaeppchen-schule.de\/wp-content\/uploads\/2026\/04\/Anmeldung-zur-Inanspruchnahme-des-Ganztagsangebotes-ab-Schuljahr-2026_27.pdf\" target=\"_blank\" rel=\"noopener\">Anmeldung zur Inanspruchnahme des Ganztagsangebotes ab Schuljahr 2026_27<\/a><\/span><\/span><\/strong><\/span><\/p>\n<p><span style=\"text-decoration: underline;\"><strong><span style=\"color: #000000;\"><a style=\"color: #000000; text-decoration: underline;\" href=\"https:\/\/rotkaeppchen-schule.de\/wp-content\/uploads\/2026\/04\/SEPA-Lastschriftmandat-zur-Teilnahme-am-Ganztagsangebot.pdf\" target=\"_blank\" rel=\"noopener\">SEPA Lastschriftmandat zur Teilnahme am Ganztagsangebot<\/a><\/span><\/strong><\/span><\/p>\n<p>\u00a0<\/p>\n<p>Die Satzung \u00fcber die Inanspruchnahme an Bildungs- und Betreuungsangeboten des Schwalm-Eder-Kreises im Ganztag und im Pakt f\u00fcr den Ganztag in der Fassung vom 12. Mai 2025, auf deren Grundlage die Anmeldung erfolgt und die Sie zur Kenntnis genommen haben m\u00fcssen, finden sie <a href=\"https:\/\/rotkaeppchen-schule.de\/wp-content\/uploads\/2026\/04\/Beschlossene-Satzung-PfdG-und-GTA.pdf\" target=\"_blank\" rel=\"noopener\">hier<\/a>.<\/p>\n<p>\u00a0<\/p>\n<\/div>\n<\/div>\n\n\n\n<div class=\"wp-block-columns is-layout-flex wp-container-core-columns-is-layout-28f84493 wp-block-columns-is-layout-flex\">\n<div class=\"wp-block-column is-layout-flow wp-block-column-is-layout-flow\" style=\"flex-basis:100%\">\n<p><span style=\"text-decoration: underline;\"><span style=\"color: #0000ff;\"><strong>Mittagessen<\/strong><\/span><\/span><\/p>\n<p>F\u00fcr die Abwicklung des <strong>Mittagessens<\/strong> ist der F\u00f6rderverein der Schule zust\u00e4ndig. Die Tage sind frei w\u00e4hlbar, jedoch ebenfalls f\u00fcr das ganze Schuljahr verbindlich. Bitte beachten Sie, dass es sich bei dem Betrag des Mittagessens um einen Pauschalbetrag handelt, der \u00fcber das ganze Schuljahr errechnet wurde und monatlich abgebucht wird, auch w\u00e4hrend der Ferienzeit.\u00a0Wenn die Lastschrift nicht durchgef\u00fchrt werden kann oder eine R\u00fcckbuchung Ihrerseits erfolgt, m\u00fcssen Sie die entstandenen Mehrkosten \u00fcbernehmen. Der F\u00f6rderverein beh\u00e4lt sich vor, Kinder, deren Mittagessensbeitrag nicht beglichen ist vom Mittagessen auszuschlie\u00dfen. Eine R\u00fcckzahlung \u201evers\u00e4umter\u201c Mittagessen erfolgt nicht.<\/p>\n<\/div>\n<\/div>\n\n\n\n<p>Wenn Sie Ihr Kind dazu anmelden m\u00f6chten, f\u00fcllen Sie bitte die <span style=\"text-decoration: underline;\"><span style=\"color: #000000; text-decoration: underline;\"><strong><a style=\"color: #000000; text-decoration: underline;\" href=\"https:\/\/rotkaeppchen-schule.de\/wp-content\/uploads\/2026\/04\/Essensanmeldung-Schuljahr-2026_27-1.pdf\" target=\"_blank\" rel=\"noopener\">Essensanmeldung Schuljahr 2026_27<\/a><\/strong><\/span><\/span> aus und senden diese<a href=\"mailto:poststelle7621@schule.hessen.de\"><span style=\"text-decoration: underline; color: #000000;\"> <strong>per Mail<\/strong> <\/span><\/a>an die Schule oder geben diese in der Schule ab.<\/p>\n<p>Eltern, die ihr Kind das erste Mal zum Mittagessen anmelden, f\u00fcllen bitte zus\u00e4tzlich die <span style=\"text-decoration: underline;\"><strong><span style=\"color: #000000; text-decoration: underline;\"><a style=\"color: #000000; text-decoration: underline;\" href=\"https:\/\/rotkaeppchen-schule.de\/wp-content\/uploads\/2020\/06\/Einzugsermaechtigung.pdf\" target=\"_blank\" rel=\"noopener\">Einzugserm\u00e4chtigung f\u00fcr den F\u00f6rderverein<\/a> <\/span><\/strong><\/span>aus. Wenn Ihr Kind bereits Mittag gegessen hat, ist das nicht mehr n\u00f6tig.<\/p>\n\n\n\n<p><\/p>\n\n\n\n<p><\/p>\n\n\n\n\n\n<div class=\"wp-block-file\"><\/div>\n\n\n\n<div class=\"wp-block-columns is-layout-flex wp-container-core-columns-is-layout-28f84493 wp-block-columns-is-layout-flex\">\n<div class=\"wp-block-column is-layout-flow wp-block-column-is-layout-flow\" style=\"flex-basis:33.33%\"><\/div>\n\n\n\n<div class=\"wp-block-column is-layout-flow wp-block-column-is-layout-flow\" style=\"flex-basis:66.66%\"><\/div>\n<\/div>\n\n\n\n<p><\/p>\n","protected":false},"excerpt":{"rendered":"<p>Mit dem Beginn des Schuljahres 2026\/27 wird unsere Schule dem Pakt f\u00fcr den Ganztag beitreten. Sie k\u00f6nnen Ihr Kind wie bisher entweder [&hellip;]<\/p>\n","protected":false},"author":3,"featured_media":0,"parent":0,"menu_order":0,"comment_status":"closed","ping_status":"closed","template":"page-templates\/page_fullwidth.php","meta":{"footnotes":""},"class_list":["post-821","page","type-page","status-publish","hentry"],"_links":{"self":[{"href":"https:\/\/rotkaeppchen-schule.de\/index.php?rest_route=\/wp\/v2\/pages\/821","targetHints":{"allow":["GET"]}}],"collection":[{"href":"https:\/\/rotkaeppchen-schule.de\/index.php?rest_route=\/wp\/v2\/pages"}],"about":[{"href":"https:\/\/rotkaeppchen-schule.de\/index.php?rest_route=\/wp\/v2\/types\/page"}],"author":[{"embeddable":true,"href":"https:\/\/rotkaeppchen-schule.de\/index.php?rest_route=\/wp\/v2\/users\/3"}],"replies":[{"embeddable":true,"href":"https:\/\/rotkaeppchen-schule.de\/index.php?rest_route=%2Fwp%2Fv2%2Fcomments&post=821"}],"version-history":[{"count":74,"href":"https:\/\/rotkaeppchen-schule.de\/index.php?rest_route=\/wp\/v2\/pages\/821\/revisions"}],"predecessor-version":[{"id":2925,"href":"https:\/\/rotkaeppchen-schule.de\/index.php?rest_route=\/wp\/v2\/pages\/821\/revisions\/2925"}],"wp:attachment":[{"href":"https:\/\/rotkaeppchen-schule.de\/index.php?rest_route=%2Fwp%2Fv2%2Fmedia&parent=821"}],"curies":[{"name":"wp","href":"https:\/\/api.w.org\/{rel}","templated":true}]}}

<div class="wp-block-columns is-layout-flex wp-container-core-columns-is-layout-28f84493 wp-block-columns-is-layout-flex">
<div class="wp-block-column is-layout-flow wp-block-column-is-layout-flow" style="flex-basis:100%">
<p>Mit dem Beginn des Schuljahres 2026/27 wird unsere Schule dem Pakt für den Ganztag beitreten.</p>
<p>Sie können Ihr Kind wie bisher entweder für drei oder für fünf Tage in der Woche in verschiedenen Modulen anmelden. Die dafür anfallenden Kosten entnehmen Sie bitte den Anmeldungsunterlagen.</p>
<p>Alle Neuanmeldungen und Änderungen müssen <strong>bis spätestens 15. Juni 2026</strong> in der Schule vorliegen.</p>
<p><span style="text-decoration: underline; color: #0000ff;"><strong>Änderungen bereits angemeldeter Kinder für den Ganztag</strong></span></p>
<p>Wenn Ihr Kind bereits am Ganztagsangebot angemeldet ist und Sie im neuen Schuljahr lediglich das Modul wechseln möchten, benötigen Sie diesen Antrag:</p>
<p><span style="text-decoration: underline;"><strong><span style="color: #000000;"><a style="color: #000000; text-decoration: underline;" href="https://rotkaeppchen-schule.de/wp-content/uploads/2026/04/Aenderungsmeldung-zur-Inanspruchnahme-des-Ganztagsangebotes-im-Schuljahr-2026_27.pdf" target="_blank" rel="noopener">Änderungsmeldung zur Inanspruchnahme des Ganztagsangebotes im Schuljahr 2026_27</a></span></strong></span></p>
<p> </p>
<p><span style="text-decoration: underline; color: #0000ff;"><strong>Neuanmeldung Ganztag</strong></span></p>
<p>Bitte füllen Sie die Unterlagen digital aus und senden sie <a href="mailto:poststelle7621@schule.hessen.de"><span style="text-decoration: underline;"><span style="color: #000000;"><strong><span style="color: #000000; text-decoration: underline;">per E-Mail</span> </strong></span></span></a>an die Schule. Wir leiten Ihre Anmeldung an die Kreisverwaltung des Schwalm-Eder-Kreises weiter. Die Anmeldung Ihres Kindes ist für ein Schuljahr verbindlich. </p>
<p><span style="color: #000000;"><strong><span style="text-decoration: underline;"><span style="text-decoration: underline;"><a style="color: #000000; text-decoration: underline;" href="https://rotkaeppchen-schule.de/wp-content/uploads/2026/04/Anmeldung-zur-Inanspruchnahme-des-Ganztagsangebotes-ab-Schuljahr-2026_27.pdf" target="_blank" rel="noopener">Anmeldung zur Inanspruchnahme des Ganztagsangebotes ab Schuljahr 2026_27</a></span></span></strong></span></p>
<p><span style="text-decoration: underline;"><strong><span style="color: #000000;"><a style="color: #000000; text-decoration: underline;" href="https://rotkaeppchen-schule.de/wp-content/uploads/2026/04/SEPA-Lastschriftmandat-zur-Teilnahme-am-Ganztagsangebot.pdf" target="_blank" rel="noopener">SEPA Lastschriftmandat zur Teilnahme am Ganztagsangebot</a></span></strong></span></p>
<p> </p>
<p>Die Satzung über die Inanspruchnahme an Bildungs- und Betreuungsangeboten des Schwalm-Eder-Kreises im Ganztag und im Pakt für den Ganztag in der Fassung vom 12. Mai 2025, auf deren Grundlage die Anmeldung erfolgt und die Sie zur Kenntnis genommen haben müssen, finden sie <a href="https://rotkaeppchen-schule.de/wp-content/uploads/2026/04/Beschlossene-Satzung-PfdG-und-GTA.pdf" target="_blank" rel="noopener">hier</a>.</p>
<p> </p>
</div>
</div>



<div class="wp-block-columns is-layout-flex wp-container-core-columns-is-layout-28f84493 wp-block-columns-is-layout-flex">
<div class="wp-block-column is-layout-flow wp-block-column-is-layout-flow" style="flex-basis:100%">
<p><span style="text-decoration: underline;"><span style="color: #0000ff;"><strong>Mittagessen</strong></span></span></p>
<p>Für die Abwicklung des <strong>Mittagessens</strong> ist der Förderverein der Schule zuständig. Die Tage sind frei wählbar, jedoch ebenfalls für das ganze Schuljahr verbindlich. Bitte beachten Sie, dass es sich bei dem Betrag des Mittagessens um einen Pauschalbetrag handelt, der über das ganze Schuljahr errechnet wurde und monatlich abgebucht wird, auch während der Ferienzeit. Wenn die Lastschrift nicht durchgeführt werden kann oder eine Rückbuchung Ihrerseits erfolgt, müssen Sie die entstandenen Mehrkosten übernehmen. Der Förderverein behält sich vor, Kinder, deren Mittagessensbeitrag nicht beglichen ist vom Mittagessen auszuschließen. Eine Rückzahlung „versäumter“ Mittagessen erfolgt nicht.</p>
</div>
</div>



<p>Wenn Sie Ihr Kind dazu anmelden möchten, füllen Sie bitte die <span style="text-decoration: underline;"><span style="color: #000000; text-decoration: underline;"><strong><a style="color: #000000; text-decoration: underline;" href="https://rotkaeppchen-schule.de/wp-content/uploads/2026/04/Essensanmeldung-Schuljahr-2026_27-1.pdf" target="_blank" rel="noopener">Essensanmeldung Schuljahr 2026_27</a></strong></span></span> aus und senden diese<a href="mailto:poststelle7621@schule.hessen.de"><span style="text-decoration: underline; color: #000000;"> <strong>per Mail</strong> </span></a>an die Schule oder geben diese in der Schule ab.</p>
<p>Eltern, die ihr Kind das erste Mal zum Mittagessen anmelden, füllen bitte zusätzlich die <span style="text-decoration: underline;"><strong><span style="color: #000000; text-decoration: underline;"><a style="color: #000000; text-decoration: underline;" href="https://rotkaeppchen-schule.de/wp-content/uploads/2020/06/Einzugsermaechtigung.pdf" target="_blank" rel="noopener">Einzugsermächtigung für den Förderverein</a> </span></strong></span>aus. Wenn Ihr Kind bereits Mittag gegessen hat, ist das nicht mehr nötig.</p>



<p></p>



<p></p>





<div class="wp-block-file"></div>



<div class="wp-block-columns is-layout-flex wp-container-core-columns-is-layout-28f84493 wp-block-columns-is-layout-flex">
<div class="wp-block-column is-layout-flow wp-block-column-is-layout-flow" style="flex-basis:33.33%"></div>



<div class="wp-block-column is-layout-flow wp-block-column-is-layout-flow" style="flex-basis:66.66%"></div>
</div>



<p></p>

<p>Mit dem Beginn des Schuljahres 2026/27 wird unsere Schule dem Pakt für den Ganztag beitreten. Sie können Ihr Kind wie bisher entweder [&hellip;]</p>
