{"id":985,"date":"2020-06-29T21:15:21","date_gmt":"2020-06-29T19:15:21","guid":{"rendered":"https:\/\/rotkaeppchen-schule.de\/?page_id=985"},"modified":"2024-09-21T10:51:06","modified_gmt":"2024-09-21T08:51:06","slug":"herzlich-willkommen","status":"publish","type":"page","link":"https:\/\/rotkaeppchen-schule.de\/","title":{"rendered":"Herzlich Willkommen!"},"content":{"rendered":"<p>Herzlich Willkommen auf der Homepage der Rotk\u00e4ppchen-Schule in Willingshausen. Sch\u00f6n, dass Sie da sind.<\/p>\n<p>Auf diesen Seiten m\u00f6chten wir unsere Schule vorstellen und einen kleinen Einblick in unsere t\u00e4gliche Arbeit geben. Zus\u00e4tzlich m\u00f6chten wir unseren Besuchern die M\u00f6glichkeit geben, die wichtigsten Formulare und Informationsschriften anzusehen und herunterzuladen.<\/p>\n","protected":false},"excerpt":{"rendered":"<p>Herzlich Willkommen auf der Homepage der Rotk\u00e4ppchen-Schule in Willingshausen. Sch\u00f6n, dass Sie da sind. Auf diesen Seiten m\u00f6chten wir unsere Schule vorstellen [&hellip;]<\/p>\n","protected":false},"author":3,"featured_media":0,"parent":609,"menu_order":0,"comment_status":"closed","ping_status":"closed","template":"","meta":{"footnotes":""},"class_list":["post-985","page","type-page","status-publish","hentry"],"_links":{"self":[{"href":"https:\/\/rotkaeppchen-schule.de\/index.php?rest_route=\/wp\/v2\/pages\/985","targetHints":{"allow":["GET"]}}],"collection":[{"href":"https:\/\/rotkaeppchen-schule.de\/index.php?rest_route=\/wp\/v2\/pages"}],"about":[{"href":"https:\/\/rotkaeppchen-schule.de\/index.php?rest_route=\/wp\/v2\/types\/page"}],"author":[{"embeddable":true,"href":"https:\/\/rotkaeppchen-schule.de\/index.php?rest_route=\/wp\/v2\/users\/3"}],"replies":[{"embeddable":true,"href":"https:\/\/rotkaeppchen-schule.de\/index.php?rest_route=%2Fwp%2Fv2%2Fcomments&post=985"}],"version-history":[{"count":3,"href":"https:\/\/rotkaeppchen-schule.de\/index.php?rest_route=\/wp\/v2\/pages\/985\/revisions"}],"predecessor-version":[{"id":2658,"href":"https:\/\/rotkaeppchen-schule.de\/index.php?rest_route=\/wp\/v2\/pages\/985\/revisions\/2658"}],"up":[{"embeddable":true,"href":"https:\/\/rotkaeppchen-schule.de\/index.php?rest_route=\/wp\/v2\/pages\/609"}],"wp:attachment":[{"href":"https:\/\/rotkaeppchen-schule.de\/index.php?rest_route=%2Fwp%2Fv2%2Fmedia&parent=985"}],"curies":[{"name":"wp","href":"https:\/\/api.w.org\/{rel}","templated":true}]}}